hat is w(-18)?
-42
Let t(x) = -21*x - 1856. Determine t(-88).
-8
Let a(h) = h**3 + 24*h**2 + 94*h - 24. Determine a(-19).
-5
Let b(a) = 2*a**3 + 17*a**2 - 77*a + 83. Determine b(-12).
-1
Let y(w) = -w**2 + 457*w - 1810. Determine y(4).
2
Let d(g) = 610*g**3 + g**2 - 7*g - 8. What is d(-1)?
-610
Let t(n) = 3*n**2 - 62*n - 14. Determine t(21).
7
Let x(d) = -d**3 + 8*d**2 + 90*d - 402. Give x(5).
123
Let x(l) = 530*l - 2128. Calculate x(4).
-8
Let i(j) = -4*j**2 - 192*j + 87. What is i(-47)?
275
Let w(a) = a**3 + 16*a**2 - 140*a. Determine w(-22).
176
Let c(t) = t**3 + 10*t**2 - 47*t - 423. Calculate c(-11).
-27
Let d(m) = -126*m - 110. Determine d(-1).
16
Let g(n) = n**3 + 12*n**2 - 2*n + 7. What is g(-12)?
31
Let g(r) = -2*r**2 - 224*r + 893. Determine g(-116).
-35
Let w(s) = 5*s**2 + 270*s - 869. Determine w(-57).
-14
Let q(z) = -12*z**2 - 24*z - 26. Calculate q(-1).
-14
Let k(n) = -n**3 + 20*n**2 - 91*n + 226. Determine k(15).
-14
Let s(g) = -23*g - 231. What is s(-10)?
-1
Let y(h) = h**2 - 186*h + 1934. Give y(11).
9
Let w(s) = -s**3 - 12*s**2 - 20*s - 258. Give w(-12).
-18
Let h(f) = -6*f - 217. What is h(-18)?
-109
Let a(g) = -5*g**2 + 792*g + 552. Determine a(159).
75
Let m(n) = -2*n**3 + 18*n**2 - 32*n + 515. Calculate m(10).
-5
Let s(u) = 2*u**2 + 8*u - 31. What is s(-9)?
59
Let v(u) = u**3 - 177*u**2 + 142*u + 5986. What is v(176)?
2
Let y(d) = -d**3 + 10*d**2 - 42. Give y(8).
86
Let d(k) = k**3 + 4*k**2 + 3165*k + 9484. What is d(-3)?
-2
Let w(m) = -23*m**3 + m**2 + 5*m + 5. Calculate w(-2).
183
Let c(j) = j**2 + 40*j - 225. Give c(-45).
0
Let x(d) = d**2 - 8*d + 8. Calculate x(2).
-4
Let f(g) = 6*g - 32. Determine f(28).
136
Let c(w) = -w + 325. Determine c(9).
316
Let n(s) = -18*s - 208. What is n(0)?
-208
Let t(n) = 143*n + 1004. What is t(-10)?
-426
Let n(q) = -q**2 - 168*q - 5743. Give n(-120).
17
Let x(n) = -n**2 - 18*n - 5. Give x(-14).
51
Let a(t) = -t**2 - 16*t - 24. What is a(-5)?
31
Let h(q) = -389*q - 3496. Determine h(-9).
5
Let s(z) = 4*z**2 - 10*z - 1. What is s(-5)?
149
Let u(l) = 16*l - 8. Calculate u(3).
40
Let l(g) = -9*g**2 + 11*g - 62. Calculate l(6).
-320
Let i(m) = -m**2 + 44*m + 67. What is i(46)?
-25
Let s(f) = f**3 - 18*f**2 + 4*f + 218. Determine s(17).
-3
Let t(f) = f**2 + 57*f + 95. What is t(-56)?
39
Let a(k) = k**3 + 39*k**2 - 179*k - 290. Determine a(-43).
11
Let a(z) = -3*z**2 - 4*z - 4. Give a(-2).
-8
Let a(c) = -3*c**2 + 299*c + 1025. Give a(103).
-5
Let h(p) = p**2 + 304*p + 23093. What is h(-154)?
-7
Let d(q) = -102*q - 1402. Give d(-14).
26
Let y(l) = l**3 + 8*l**2 - l - 25. What is y(-11)?
-377
Let y(w) = -3*w**3 + w - 12. Determine y(-3).
66
Let m(p) = -p**3 + 31*p**2 - 12*p + 394. Calculate m(31).
22
Let k(l) = 79*l + 737. Give k(-9).
26
Let z(g) = -g**2 - 934*g + 5624. Give z(6).
-16
Let j(b) = b**2 - 57*b + 411. Determine j(48).
-21
Let z(c) = c**3 - 87*c**2 + 1129*c + 493. Give z(71).
-4
Let z(s) = -s**3 + 11*s**2 - 28*s + 180. Calculate z(10).
0
Let g(m) = -10*m**2 + 342*m - 932. Give g(3).
4
Let u(w) = w**2 - 72*w - 1976. What is u(-23)?
209
Let k(s) = 3*s**2 + 12*s + 1. What is k(-3)?
-8
Let q(x) = x**3 - 6*x**2 + 29*x - 37. Give q(3).
23
Let r(z) = -56*z + 150. Calculate r(5).
-130
Let b(j) = -846*j**2 + 11843*j + 14. Calculate b(14).
0
Let l(v) = 9*v - 374. Determine l(48).
58
Let z(g) = 2*g**2 + 25*g + 49. Calculate z(-10).
-1
Let i(p) = -p**3 - 16*p**2 - 18*p + 30. What is i(-15)?
75
Let y(k) = 4*k**2 + 19*k - 92. Calculate y(-7).
-29
Let m(t) = 8*t**2 + 7*t - 20. What is m(-5)?
145
Let g(w) = 2*w**3 - 161*w**2 + 68*w + 993. Give g(80).
33
Let r(n) = n**3 - 28*n**2 - 27*n + 10. Calculate r(29).
68
Let b(v) = -v**2 - 77*v - 421. What is b(-7)?
69
Let p(n) = -111*n + 2447. Determine p(22).
5
Let j(g) = 147*g - 4994. What is j(34)?
4
Let l(s) = -51*s - 1285. Give l(-25).
-10
Let b(a) = -26*a - 148. Give b(-5).
-18
Let q(h) = -32*h**2 - 577*h + 39. Determine q(-18).
57
Let q(f) = f**2 - 17*f + 26. Determine q(5).
-34
Let s(v) = 102*v - 3260. Calculate s(32).
4
Let o(v) = -187*v - 1121. Calculate o(-7).
188
Let d(l) = -l**3 - 18*l**2 - 70*l + 100. Calculate d(-10).
0
Let a(l) = -61*l - 1525. What is a(-25)?
0
Let j(v) = -v**2 + 10*v + 307. What is j(-13)?
8
Let r(y) = y**2 - 833*y - 5892. Determine r(-7).
-12
Let t(f) = -46*f**3 + f**2 - 2. Determine t(-1).
45
Let i(f) = 49*f - 252. Calculate i(5).
-7
Let a(v) = v**3 - 17*v**2 - 44*v - 10. Determine a(19).
-124
Let v(s) = -4*s**2 + 45*s + 30. Determine v(13).
-61
Let u(f) = f**2 - 294*f + 5703. What is u(21)?
-30
Let n(p) = p**3 - 28*p**2 + 94*p + 56. Calculate n(24).
8
Let m(n) = -147*n - 145. Determine m(-1).
2
Let d(l) = -6*l**2 + 39*l + 18. Give d(7).
-3
Let j(x) = -203*x - 725. Give j(-5).
290
Let c(k) = 4*k**2 - 1. What is c(3)?
35
Let c(r) = r**3 - 41*r**2 + 35*r + 247. What is c(40)?
47
Let j(u) = -u**3 + 2*u**2 - 2*u + 20. Calculate j(3).
5
Let f(m) = -3*m**2 + 1151*m + 11009. What is f(393)?
5
Let r(l) = -l**3 - 6*l**2 - 8*l + 19. What is r(-3)?
16
Let r(s) = -1622*s - 17859. Give r(-11).
-17
Let u(l) = 214*l + 680. What is u(-5)?
-390
Let v(p) = -8*p**3 - 29*p**2 - 42*p - 191. Calculate v(-4).
25
Let u(r) = -129*r + 5920. Calculate u(46).
-14
Let w(o) = -362*o - 2145. Determine w(-6).
27
Let m(k) = -k**2 - 746*k + 2241. What is m(3)?
-6
Let z(o) = 206*o - 3520. What is z(17)?
-18
Let b(w) = 80*w - 1283. Determine b(16).
-3
Let g(s) = s**2 - 691*s + 4818. Determine g(7).
30
Let h(o) = -o**3 - 6*o**2 + 78*o - 269. What is h(-13)?
-100
Let h(c) = 15*c + 1446. Determine h(-97).
-9
Let y(b) = 2492*b - 7482. Give y(3).
-6
Let w(z) = 152*z + 884. Determine w(-6).
-28
Let g(v) = -v**3 + 81*v**2 + 2145*v - 252. Determine g(102).
54
Let w(a) = 2*a**3 + 2*a**2 - 9*a - 11. Determine w(-1).
-2
Let s(v) = 29*v - 452. What is s(18)?
70
Let y(k) = 106*k + 4344. Determine y(-41).
-2
Let m(s) = -688*s - 6265. Determine m(-9).
-73
Let j(k) = -11*k - 443. Determine j(-62).
239
Let x(m) = -6*m**3 + 23*m**2 - 38*m + 163. Determine x(4).
-5
Let j(y) = -80*y + 2742. Calculate j(34).
22
Let w(a) = 19*a - 767. Calculate w(40).
-7
Let c(h) = -3*h**2 + 24*h - 56. What is c(7)?
-35
Let v(i) = -i**3 + 5*i**2 + 177*i + 16. What is v(-11)?
5
Let x(s) = -78*s + 158. What is x(0)?
158
Let w(c) = -14915*c - 134235. What is w(-9)?
0
Let s(y) = -65*y**3 + 333*y**2 - 21*y + 10. Give s(5).
105
Let u(c) = -31*c - 395. Determine u(-13).
8
Let t(g) = g**3 - 12*g**2 - 2566*g - 49. Give t(-45).
-4
Let o(u) = -u**3 + u**2 - 7*u - 286. Give o(-6).
8
Let r(h) = h**2 - 44*h - 920. Calculate r(60).
40
Let m(g) = 53*g**2 - 12*g + 6. Determine m(2).
194
Let j(f) = f - 112. Give j(-10).
-122
Let r(b) = -3*b**2 - 35*b + 8275. What is r(47)?
3
Let x(d) = -d**3 + 75*d - 66. Calculate x(7).
116
Let y(p) = -2*p**2 - 57*p + 74. Determine y(-31).
-81
Let n(l) = 10*l**2 - 329*l + 296. Determine n(32).
8
Let v(p) = 61*p + 114. Give v(-3).
-69
Let l(z) = -z**2 + 82*z + 1458. Calculate l(-15).
3
Let v(q) = -q**3 - 6*q**2 - 8*q - 12. What is v(-3)?
-15
Let z(h) = -h**2 - 44*h - 92. Determine z(-31).
311
Let a(w) = -5*w**2 - 1. Calculate a(-2).
-21
Let i(x) = -31*x - 991. Calculate i(-32).
1
Let i(p) = 88*p + 10992. Calculate i(-125).
-8
Let o(b) = -2*b**3 + 20*b**2 - 48*b + 276. What is o(9)?
6
Let l(m) = m**3 + 41*m**2 - 4*m - 166. What is l(-41)?
-2
Let w(o) = o**3 + 276*o - 551. What is w(2)?
9
Let r(g) = -85*g + 4599. What is r(54)?
9
Let o(t) = t**3 - 7*t**2 + 9*t - 27. Calculate o(6).
-9
Let j(k) = k**3 - 128*k**2 + 246*k + 713. Give j(126).
-43
Let q(j) = j**2 + 4*j - 131. Determine q(4).
-99
Let k(p) = -p**3 - 58*p**2 - 118*p - 311. What is k(-56)?
25
Let q(t) = 28*t - 228. Give q(9).
24
Let j(h) = -19*h**3 + 34*h**2 - 34*h. Give j(1).
-19
Let x(b) = -2*b**2 - 113*b - 1478. Determine x(-15).
-233
Let h(k) = 2*k**3 + 55*k**2 + 25*k - 44. Calculate h(-27).
10
Let f(n) = -2391*n + 459078. Determine f(192).
6
Let u(j) = -j**2 + 2030*j + 57628. Give u(-28).
4
Let v(h) = -10*h**2 + 5*h + 13. What is v(5)?
-212
Let d(u) = -u**3 - 8*u**2 - 11*u + 11. Determine d(-3).
-1
Let p(s) = -s**3 - 21*s**2 - 21*s - 53. Give p(-20).
-33
Let k(j) = j**3 + 29*j**2 - 49*j - 107. Give k(-31).
-510
Let d(r) = 163*r**2 - 32*r + 2. Determine d(1).
133
Let q(x) = -7*x**3 - 163*x**2 - 51*x - 117. Give q(-2